 -4*q - 38 = 3*o, 0 = -5*q + o - 0*o - 38. Let j(f) be the second derivative of -f**4/12 - 2*f**3 - 9*f**2/2 - 336*f - 3. Determine j(q).
23
Let v(n) be the third derivative of 13*n**4/24 + 49*n**3/6 - 3737*n**2. Determine v(-4).
-3
Let x(m) = -1230*m - 3*m**2 - 1239*m - 2 + 2463*m. Calculate x(-4).
-26
Let s(d) = 33*d + 9. Let g(q) = -8*q + 3*q + 0 - 1 + 3*q. Let o(l) = -15*g(l) - s(l). Let i be (-4)/(-1*2/2). Determine o(i).
-6
Let w(p) = 14461*p + 14444*p - 479 - 28857*p. Determine w(10).
1
Let w(f) = -f**2 - 112*f + 3746. Let j be w(-139). Let d(l) = -l**3 - 7*l**2 - 20*l - 127. Calculate d(j).
13
Let u be (2/4)/(2/40). Let c(w) = 11451*w - 84*w**2 - 5713*w - 5727*w + w**3 + 73*w**2 - 13. Give c(u).
-3
Let i(a) = -315*a + 108*a + 112*a + a**2 + 107*a - 5. Give i(-10).
-25
Suppose 0 = -84*s + 58*s + 78. Let j(x) = 11*x**2 - 20*x + 4. Let h(q) = 7*q**2 - 13*q + 3. Let z(u) = 8*h(u) - 5*j(u). Calculate z(s).
1
Let s be 2 + -2 + 4/1. Suppose s*i - 56 = -16. Let u(d) = -d**3 - 245*d - 2. Let z(o) = 2*o**3 + 10*o**2 + 735*o + 8. Let a(l) = -3*u(l) - z(l). Determine a(i).
-2
Let t = -40 + 43. Let v(r) = 11*r - 1 - 7*r**3 - 4*r - t*r - 3*r - r**2. Suppose -4*c - 2*s + 0*s + 12 = 0, 4*c = 4*s - 12. Calculate v(c).
-8
Let f = -55 - -82. Suppose 2 = 7*q - 26. Suppose -5*x = 2*m + f, -2*x + 8 = -q*x + 2*m. Let w(p) = -3*p - 6. Calculate w(x).
9
Suppose 26 = -9*r - 28. Let i(o) = 7*o**2 + 8*o + 4. Let w(k) = -k**2. Let b(h) = r*w(h) - i(h). What is b(-8)?
-4
Let t(p) = -2*p**2 + 307*p - 62 - 168*p - 178*p - 73. Determine t(-15).
0
Let n(t) = 25*t - 29*t + 3 + 1. Let k(m) = 4*m - 53. Let f be k(14). What is n(f)?
-8
Let c(q) = -q**2 + 3*q + 16. Let z be 13/((-1716)/(-803)) + -2*(-2)/(-48). Calculate c(z).
-2
Let q(x) be the first derivative of -3*x**2/2 - 12*x - 827. What is q(3)?
-21
Let g be (-6)/(-4)*(-1 + -1). Let d(r) = -r - 5. Let x be d(-7). Let b(s) = 24*s - 7*s + x - 3 - 18*s. Calculate b(g).
2
Let j(b) = 2*b - 22 + 0*b - b. Let i(f) = 2*f**3 + 4*f**2 + 9*f + 18. Let h be i(-2). Determine j(h).
-22
Let i(n) = n**2 - 10*n + 14. Suppose -132 - 228 = -12*f. Suppose -168 = f*z - 408. Calculate i(z).
-2
Let i(m) = 3*m - 35. Let j be i(13). Let d be ((-8)/j)/(2/(-9)*3). Suppose 0 = -d*a + 9 - 0. Let h(r) = -r**3 + 6*r**2 - 5*r + 3. Give h(a).
15
Let m be (21/(-12))/(2/(-16) + 0). Let g be -6*((-5)/(-14) - (-2)/m). Let l(f) = -f - 6. Calculate l(g).
-3
Let u(n) be the first derivative of 0*n**2 - n + 1/3*n**3 - 40. Let j(t) = 23*t**2 + t - 2. Let i(v) = j(v) - 2*u(v). Determine i(-1).
20
Let g(i) = -2*i - 26. Suppose -2*o = -2*v + 8, -2*o - 14 - 59 = 11*v. Calculate g(o).
-8
Suppose -10*w + 2*i = 78, -17*i - 5 = -12*i. Let z(b) = b**3 + 11*b**2 + 16*b - 9. What is z(w)?
55
Let m = 38 + -38. Suppose -7*b + 7 - 21 = m. Let t(v) = -3*v + v + 0*v + 3 - 1. Give t(b).
6
Let m(c) = -7*c - 9*c + 22*c + 6 - 12 - 7*c. Let w(s) = s**2 + 7*s - 7. Suppose 0*r = 3*r + 21. Let b be w(r). Give m(b).
1
Let v(g) be the third derivative of 0*g + 0*g**4 + 0*g**5 - 7/6*g**3 + 0 + 12*g**2 - 1/120*g**6. Suppose 0 = 9*a - 3*a. Give v(a).
-7
Let t(j) = j**3 + j**2 - 3*j. Let v(l) = -4*l - 154. Let z be v(-39). Determine t(z).
6
Let j = -19 - -22. Let y(x) = j*x + 2*x + x - 1. Let m(w) = w**3 - w**2 - 3*w - 8. Let d be m(3). Give y(d).
5
Suppose 262*f = 250*f + 48. Let i(v) = -3*v**2 + 2*v. Calculate i(f).
-40
Let z = 2 - -1. Let d(m) = 8 - m**z - 4*m**2 + 0*m + 10*m**2 - m. Suppose -2*f + 3*q = -3, 5*f + q - 12 = 21. Calculate d(f).
2
Let s(n) be the first derivative of -n**2 + 29*n - 23. Let v be s(15). Let o(x) = -20*x - 1. Determine o(v).
19
Let s(y) = -321 + 165 + 5*y**2 - 12*y + 168. Let m(z) = z**2 - z + 2. Let l(b) = 6*m(b) - s(b). Determine l(-6).
0
Let s(i) = -13*i**3 + 2*i + 1. Suppose 4*g = 3*q - 16, -q = 2*g + 13 - 5. Let c be 2/(g/6)*(-1 - -6). Let z = 14 + c. Calculate s(z).
12
Let f(c) = 7*c**2 + 4 - 20*c**2 + 14*c**2 - 63*c + 74*c. Calculate f(-3).
-20
Let h = 5375 - 5382. Let g(i) = -24*i - 101. Determine g(h).
67
Let j(l) be the first derivative of -3*l**2 + 86*l + 5905. Calculate j(17).
-16
Suppose -50 + 26 = -8*m. Let z(f) = -2 + 0 + 1 - 10*f**m + 0 - 10*f**3. What is z(1)?
-21
Let h(t) be the second derivative of t**5/20 - 5*t**4/12 - t**3/6 - 7*t**2/2 - 17*t. Let g be 21/(-35) + 112/20. Calculate h(g).
-12
Let t(l) = l**3 - 5*l**2 - l + 1. Suppose -4*u - 4*d = 20, 3*u + 7*d = 11*d + 41. Give t(u).
-20
Let a(j) = 2*j**3 + 3*j**2 - 9*j + 6. Let b(u) = -2*u**3 - 3*u**2 + 11*u - 7. Let l(o) = -6*a(o) - 5*b(o). Let y = 22 - 24. Give l(y).
5
Let m(l) be the second derivative of 3*l**5/10 - l**4/12 - l**3/3 + l**2 + 30*l - 6. What is m(1)?
5
Suppose 15 = 2*u + 9. Let f(q) = 36*q**u + 50*q**3 - 58*q**3. Determine f(-1).
-28
Let k be -3*(-2)/(-1)*-1. Let m(d) be the third derivative of -d**5/60 + d**4/6 - d**3/3 + 3*d**2 + 6*d + 72. Determine m(k).
-14
Suppose -175*q = -178*q - 6. Let n(o) = -3*o + 18. Let c(b) = -b. Let p(w) = q*c(w) + n(w). What is p(0)?
18
Suppose 0*s + 4*s = 168. Suppose -14 = -z + 5*i + 5, 0 = 4*i - 16. Let f(g) = -g - z - s + 74. What is f(0)?
-7
Suppose -4*w = 2*q - 2, 7*w - 232 + 206 = q. Let n(m) = m - 4*m + 6*m - 3. Calculate n(w).
6
Let y(l) = l**3 + 5*l**2 - 16*l - 23. Let u = -1041 - -1034. Determine y(u).
-9
Let y(q) = -q**2 - 4*q + 7. Suppose 5*p + 4*r = -40, -4*p - r - 32 = -0*r. Let l be (p/(-14))/((-10)/105). Calculate y(l).
-5
Let y(u) = -5 + 21691*u + 21696*u - 43381*u. Give y(-9).
-59
Suppose 0 = -0*g - 4*g. Let o be g/1*(-3 + 28/8). Suppose -5*c - 29 - 6 = o. Let z(j) = -4*j - 2. Calculate z(c).
26
Let y(p) = -p + 1. Let g(s) = -5*s + 7. Let w(o) = 4*g(o) - 18*y(o). Let u(l) = l**2 + 3*l - 6. Let a(k) = -3*u(k) - 2*w(k). Give a(-3).
-14
Let g = -881 - -878. Let n(o) = -3*o**2 - o + 2. Let z be 24/9*(-18)/(-8). Let l(c) = -c**2 - c + 1. Let i(m) = g*n(m) + z*l(m). What is i(2)?
6
Let o be 1/(-4) - (-100)/16. Let s(n) = -4 - 149*n - 2*n**2 - 164*n + n**2 + 322*n. What is s(o)?
14
Let a be 8 + (-432)/(-32) - 63/18. Let g(u) = -u**3 + 16*u**2 + 39*u - 24. Determine g(a).
30
Let j(b) = b**2 - 32*b + 206. Let u = -17156 + 17165. Determine j(u).
-1
Let j(d) = -d**2 - 14*d - 38. Let y = -21604 + 21595. Calculate j(y).
7
Suppose 2*o - 66 = -62. Let a be (o + -4)*(1 - -1)/(-2). Let s be (-8)/(-28) + a/(-7). Let p(x) = x + 12. What is p(s)?
12
Let z(o) = -11*o**3 + 86*o**2 - 226*o - 9. Let l(m) = 3*m**3 - 30*m**2 + 76*m + 3. Let u(k) = -7*l(k) - 2*z(k). Determine u(-40).
-3
Let u(q) = 2 + 4*q - 53*q**2 - 9*q + 8*q + 11*q**2. Determine u(-1).
-43
Suppose -2*y - 9*m + 334 = -5*m, 2*y = -2*m + 330. Let u = 177 - y. Let k(z) = 2*z - 23. Determine k(u).
5
Let w(b) = 36*b - 24. Let o(d) = -2*d + 13. Let t(v) = -14*o(v) - w(v). Calculate t(-18).
-14
Let j(y) = 28*y - 832. Let f be j(30). Let i(l) be the first derivative of 8*l - f - 1/2*l**2. Give i(8).
0
Let q(g) = -g - 9. Suppose -52*v = -15*v + 259. What is q(v)?
-2
Let p(o) = -o + 1. Let n be p(-1). Let a be n/(-1) + 1 + -2. Let j(k) be the second derivative of -k**3/6 + k**2 + 5*k. Give j(a).
5
Let h(o) = o + 3. Let x be ((-2)/2)/(6/6). Let a(b) = -27. Let s(k) = x*a(k) - 4*h(k). What is s(6)?
-9
Let a(g) be the first derivative of -g**4/4 + 17*g**3/3 + 41*g**2/2 - 55*g + 4175. Determine a(19).
2
Let u = -64 - -66. Let t(d) = 29*d - 29*d + d**2 - 11 + 0*d**u. Let a be t(4). Let i(y) = -y**2 + 7*y - 5. Give i(a).
5
Let u(j) = -10 - 3*j**2 + 4*j + 0*j**2 - j**2 + 5*j**2. Suppose 0 = -3*v - 2*v + 15. Suppose 0*q - 2*q = v*r + 29, 41 = -3*q - 4*r. Calculate u(q).
11
Let i = 18105 + -18110. Let d(c) = -124*c - 629. What is d(i)?
-9
Suppose -2*y - 38 - 158 = 0. Suppose 14*o + 48*o = 57*o - 510. Let l = o - y. Let f(z) = -z**2 - 3*z. Calculate f(l).
-4
Let y(c) = -27 - 18*c**3 + 40 + 17*c**3. What is y(0)?
13
Suppose -6 = a + 4*y, 2*a - 4*a + 4*y = 0. Let c(j) be the first derivative of 9*j**2/2 + 2*j - 152. Determine c(a).
-16
Suppose -w + q + 13 = -0*q, 0 = -5*w - q + 41. Suppose 0 = w*a - 4*a. Let h(s) = 5*s + a*s - 2*s + 2 - 1. What is h(-3)?
-8
Let j(c) = -17*c - 29. Let s be j(-2). Let w(g) = -38 + 3*g**2 - g**2 - 15*g + 6*g**2 - s*g**2 - 4*g**2. What is w(-12)?
-2
Let u(s) = 162*s + 49838 - 166*s - 49881. Calculate u(-13).
9
Suppose 41*r + 164 = -246. Let m be (-2)/r + 841/145. Let 